prime factors of j?
2, 11, 31
Let n = 6977 - 4489. List the prime factors of n.
2, 311
Let a = -186 + 123. Let x = a - -65. Suppose 3*y + y + 3*f - 717 = 0, 0 = x*y - 3*f - 363. List the prime factors of y.
2, 3, 5
Suppose 5*f - 641*w + 637*w - 123743 = 0, -f = -5*w - 24715. What are the prime factors of f?
5, 4951
Let z(x) be the first derivative of x**4/4 + 11*x**3/3 + x**2/2 - 11*x + 3. Let f be z(-8). Suppose 123 + f = 4*p. List the prime factors of p.
2, 37
Let q = 122 + -198. Let z = q - -31. Let w = 103 + z. What are the prime factors of w?
2, 29
Let n(s) = -2 - 5 - 2*s**3 + 2 - 4*s + 0*s**2 - 3*s**2. Let f(m) = -2*m - 3. Let t be f(0). List the prime factors of n(t).
2, 17
Suppose 0 = 4*l + 2457 - 841. Let g = l - -763. What are the prime factors of g?
359
Suppose 2022426 = 8261*d - 8212*d. What are the prime factors of d?
2, 3, 2293
Let u(j) = j**3 + 3*j**2 + 951. Suppose 23*l - 16*l = 0. List the prime factors of u(l).
3, 317
What are the prime factors of (84/18)/(-7)*246*596/(-8)?
2, 41, 149
Let k = 45341 + -30815. What are the prime factors of k?
2, 3, 269
Suppose 0 = -250*m + 3670378 + 1198872. What are the prime factors of m?
19477
Suppose -5*s = -11*a + 8*a - 21, 0 = -s + 2*a. Let k be (-2 - -1)/(40/s - 7). Suppose k*q + 36 = 6*q. List the prime factors of q.
2, 3
Let u = 5344 - 1322. Suppose 46*k + 342 = u. List the prime factors of k.
2, 5
Let h(t) = -6*t**3 + 4*t**2 - t - 134. What are the prime factors of h(-12)?
2, 7, 773
Suppose n + 342 = -4*s, n + 312 = -0*n + 2*s. What are the prime factors of (-7)/(245/n)*(-10)/(-4)?
23
Let p(t) = -t**2 + 4*t + 14. Let q be p(5). What are the prime factors of 214 + q*3/9?
7, 31
Let v = 2585 - 1445. Suppose 9*j + j = v. What are the prime factors of j?
2, 3, 19
Suppose 0 = 13*a + 36472 - 124547. List the prime factors of a.
5, 271
Let s(o) = -o**2 + 28*o + 18. Let t be ((-89)/(-5))/1 + 1/5. List the prime factors of s(t).
2, 3, 11
List the prime factors of (-119915)/(-30) - 5/30.
7, 571
Let d = 272 + -270. Suppose 4*z - 1016 = -2*k, 4*z = 2*k + d*k + 1028. List the prime factors of z.
3, 5, 17
Suppose 0 = 3*p - 18, -2*q - 2*p + 51195 = -52507. List the prime factors of q.
5, 10369
Let z = 10 - -1. Let d(l) = -20*l + 17 + z - 6 - 3. What are the prime factors of d(-5)?
7, 17
Let d(b) = 4825*b**2 - 63*b + 137. List the prime factors of d(2).
3, 41, 157
Suppose 3*i = -i. Suppose -n + i = -4. Suppose -n*y + 7*y - 108 = 0. List the prime factors of y.
2, 3
Let d = -1293 + 2478. Let g = d - -419. What are the prime factors of g?
2, 401
Let l = -137 - -95. Let m(v) = -7*v + 42. What are the prime factors of m(l)?
2, 3, 7
Let i(b) = -7*b**3 - 2*b - 2. Suppose -11*u + 14*u = -3. Let h be i(u). Suppose h*g = 10*g - 510. What are the prime factors of g?
2, 5, 17
Suppose 3*z + 5*q + 26 = 6*z, 4*q - 32 = -2*z. Suppose -17*o + z*o = -255. Suppose -181 + o = -5*y. List the prime factors of y.
2, 13
Let d(x) = 3*x + 59. Let j be d(-10). Suppose -j*y + 1995 = -26*y. Suppose -70*l - y = -75*l. List the prime factors of l.
7, 19
Let y be -2*((-2)/(-5))/((-3)/60). List the prime factors of y/28 - 1160/(-28).
2, 3, 7
Suppose 106*t + 16350 = 121742 + 134168. What are the prime factors of t?
2, 5, 113
Let x(r) = r**3 - 9*r**2 - 11*r + 22. Let i be x(10). Suppose -10 = -2*d - i. List the prime factors of (-2)/(-1) + d + 46.
47
Let x = -37 - -40. Let c be 3/(72/(-21) + x). What are the prime factors of -4 - -2 - (-8 + c)?
13
Let a = 484 - 481. Suppose l + 783 = 3*k, a*l + 319 + 203 = 2*k. What are the prime factors of k?
3, 29
Let i be (3/(-6))/((-1)/6). Suppose 5*s = t - 5*t, 0 = 5*t + i*s. Let q(m) = -3*m**2 - m + 242. What are the prime factors of q(t)?
2, 11
Let a(d) be the third derivative of -41*d**4/24 - d**3/6 - 18*d**2 + 2. Let t = 55 - 61. What are the prime factors of a(t)?
5, 7
Let q be 3/((-5)/(-2) - 1). Let k = 4924 - 4921. Suppose x = -i - q*x + 285, -k*i + x = -865. List the prime factors of i.
2, 3
Let f(k) = 7*k - 166. Let y be f(7). What are the prime factors of (-2)/13 + (-62730)/y?
2, 67
Let h be (-56)/70*(-15)/2. Suppose -2*q - n = -39, 4*q - h*n - 96 = -2*n. Suppose 0 = -26*m + q*m + 320. List the prime factors of m.
2
Let d(w) = -19*w**3 + 6*w**2 + 15*w + 8. Let t(p) = 2*p**3 + 4*p**2 - 4*p + 3. Let s be t(-3). List the prime factors of d(s).
2, 5, 53
Suppose -7 = -3*m - w, -8*m = -5*m - 4*w - 17. What are the prime factors of (m*2 - 1)/(51/3060)?
2, 3, 5
Suppose -15*w + 5*w = -180. Suppose -w*q + 11*q = -2772. What are the prime factors of q?
2, 3, 11
Let u(k) = 1032*k + 3089. What are the prime factors of u(9)?
12377
Suppose 3776 = y + 4*z, 0 = -5*y - 3*z - 0*z + 18846. What are the prime factors of (-6)/10 - y/(-5)?
3, 251
Let m(x) = -698*x + 2071. What are the prime factors of m(-44)?
32783
Let g = 13 - -71. List the prime factors of 12888/g + (-4)/(-7).
2, 7, 11
Suppose 4*o = -a + 6534 + 22228, 0 = -o + 3*a + 7197. What are the prime factors of o?
3, 17, 47
Suppose 249*t + 21656 = 252*t - 2*z, 0 = 2*z + 14. What are the prime factors of t?
2, 3607
Let q(o) be the third derivative of -o**6/120 + 23*o**5/60 - 7*o**4/4 + 59*o**3/6 + 121*o**2. List the prime factors of q(21).
59
Suppose z = 5*q - 4 + 13, -3*z + 2*q = -1. Let p(x) = -394*x + 15. Let w(m) = -591*m + 22. Let f(r) = -7*p(r) + 5*w(r). List the prime factors of f(z).
2, 101
Let y be ((-26)/4)/(-3*(-4)/(-24)). List the prime factors of (20345/3)/y - (-2)/(-3).
521
Let h(k) = k**3 + 20*k**2 + 34*k + 15. Let a be h(-18). Let q = 16 + a. Let w = q - 28. List the prime factors of w.
3, 13
Suppose -44*i + 5982 = 4*a - 47*i, -a - 3*i = -1488. What are the prime factors of a?
2, 3, 83
Let z be 96/30*19*35. Suppose 0 = -23*r + 30*r - z. List the prime factors of r.
2, 19
Suppose 39*i - 48055 = 4*i. Suppose -w = 5*h - 690, i = 2*w - 4*h + 63. What are the prime factors of w?
5, 7, 19
Let f(p) be the second derivative of 1811*p**4/12 + 13*p**3/6 - p**2/2 - 34*p. What are the prime factors of f(-1)?
3, 599
Suppose -4*i + 3*d = -7203, -i + 2*d = -1430 - 377. What are the prime factors of i?
3, 599
Suppose 212*a = -17*a + 117*a + 763840. What are the prime factors of a?
2, 5, 11, 31
Let f(t) = 10*t**3 + 4*t**2 - 49*t - 47. What are the prime factors of f(10)?
7, 1409
Let i = -102 + 228. Suppose -105*l + 99*l = -i. List the prime factors of l.
3, 7
Suppose -4*w = 4*a - 100, 0 = -a + 5*w + 35 - 10. Let q = a + -22. Suppose 4*p - 126 = -4*b + 74, 5*p - 240 = -q*b. List the prime factors of p.
3, 5
Suppose -307*z + 4*z + 3705772 = -44*z. What are the prime factors of z?
2, 7, 73
Let p(y) = -3*y + 44. Let x be p(14). Let q(b) = 16*b + 2 - 10 - x + 39*b**2 - 29*b**2 + b**3. What are the prime factors of q(-7)?
5
Let l(k) be the third derivative of -k**6/120 - k**5/6 - 5*k**4/8 + 8*k**3/3 + 13*k**2. Let u be l(-11). List the prime factors of (-3)/9*(-4 - u).
2, 3, 17
Let t(r) = -8*r + 0 + r - 9*r**2 + 10*r**3 - 3 - 9*r**3. Let l be t(10). What are the prime factors of 18/l*(1 - (-4 + 2))?
2
Let d = -42341 - -74613. What are the prime factors of d?
2, 2017
What are the prime factors of (-290092)/(-24) - 3/18 - 0?
3, 17, 79
Let q = 41728 - 19095. What are the prime factors of q?
13, 1741
Let x(d) = d**3 + 3*d**2 - 7*d - 9. Let q be x(-4). Let v(p) = 11*p - 26 - 2*p + 13. List the prime factors of v(q).
2, 7
Let s(g) = 21*g**2 - 1000*g - 13. What are the prime factors of s(-6)?
11, 613
Suppose 3*z + 10922 = t, -3*t + 42069 - 9263 = z. What are the prime factors of t?
2, 7, 11, 71
Let f(q) = -60*q**2 + 25*q - 109. Let a be f(7). Let w = -1967 - a. What are the prime factors of w?
907
Let h be (-1)/(-3) - -3*184/18. What are the prime factors of (-1)/(4/(-37))*(1 + h)?
2, 37
Let t(z) = -46*z - 29. Suppose 2*c + 2*n + 14 = 0, -3*n + 11 = -3*c - 22. What are the prime factors of t(c)?
5, 7, 11
Suppose -87760 - 20764 = -13*p. What are the prime factors of p?
2, 2087
Let b = -165 + 179. Suppose -b*t + 22*t - 9376 = 0. List the prime factors of t.
2, 293
Let z = 15883 + -14519. What are the prime factors of z?
2, 11, 31
Suppose 3833936 = 207*s + 42*s - 4156474. What are the prime factors of s?
2, 5, 3209
Let i = 14910 + -11625. What are the prime factors of i?
3, 5, 73
Let b be (-189)/(-18)*(-4)/(-3). Suppose 6*j = -b*j + 10840. List the prime factors 